) + 3/(-3)?
5
Let r = 24062 + 18810. What is the tens digit of r?
7
Suppose 166*d = 171*d - 1555. Suppose 0 = -3*v + 4*v - d. What is the hundreds digit of v?
3
What is the ten thousands digit of 1/(-12) + 74717/(-12)*-5?
3
Let p = 31483 + -14875. What is the ten thousands digit of p?
1
Let t = 22 - 83. Let h = t - -67. Let g(l) = -l**3 + 9*l**2 + 2*l - 16. What is the hundreds digit of g(h)?
1
Suppose -5*j - j = -36. Let o(x) = 9*x**2 - 8*x - 6. Let v be o(j). Suppose 0 = 5*w + 65 - v. What is the units digit of w?
1
Let h be (45/9)/(20/8). Suppose g + 0*g - 2 = 0. What is the units digit of h*g - (-87 + 3 - 3)?
1
Suppose d - 32 = -3*d - 3*r, 2*d + 10 = 5*r. Suppose -d*f - 9*f = -2086. Suppose 4*z + f = m, 0 = 3*z - 2*z + 5. What is the units digit of m?
9
Suppose -6*g = -7 + 13. What is the tens digit of (-57)/3*(g - 0)?
1
Let g(m) = 3128*m**3 + 15*m**2 - 39*m + 27. What is the ten thousands digit of g(2)?
2
Let s(y) be the second derivative of -7*y**3 + y**2 + 2*y. Let r(j) = 42*j - 3. Let d(o) = 3*r(o) + 4*s(o). What is the tens digit of d(-1)?
4
Let y be 81/(-6)*1360/(-30). Suppose 0 = 12*h + y - 5952. What is the tens digit of h?
4
Let z(w) = 4*w**2 + 5*w + 6. Suppose 0 = 2*p - 4 - 6, -5*u + 45 = -3*p. What is the units digit of z(u)?
2
Suppose 3*o = -4*i + 26, o + 2*i - 20 = -o. What is the units digit of 3157/o - 1/2?
5
Let j be (-2 + 1)/((-5)/175). Suppose -3*o + 2*k = -k + 15, -k = -4*o - j. What is the units digit of 1636/10 + ((-24)/o - 2)?
4
Let d be (7/((-14)/(-8)))/((-1)/(-8)). Suppose d*u + 6239 = 51231. What is the thousands digit of u?
1
Let a(z) = 14*z - 12. Let p be a(4). Let u = p + -2. Suppose 0 = -n - 2*n + u. What is the units digit of n?
4
Suppose t - 10307 = -5*d, -4*t - 10297 = -37*d + 32*d. What is the tens digit of d?
6
What is the thousands digit of (-3)/((-18)/(-1640))*234/(-12)?
5
Suppose -4*j = -6*x - 234016, -4*j = -5*x - 24058 - 209954. What is the ten thousands digit of j?
5
Suppose u = 64 - 373. Let r = u - -458. What is the hundreds digit of r?
1
Let a(f) = -f + 25. Let h(x) = x**2 + 2*x - 19. Let v be h(-7). Let i be a(v). Suppose -4*m + i*m - 475 = 0. What is the units digit of m?
5
Let f(m) be the first derivative of m**4/4 - 3*m**3 - 21*m + 27. Let y(c) = -2*c - 8. Let j be y(-9). What is the units digit of f(j)?
9
Let l(z) = z**2 - 3*z + 24. Let n(f) = -f**2 - 2*f + 4. Let v be n(0). Let s be (3 - (-2)/v)*2. What is the units digit of l(s)?
2
Suppose 118*m - 125*m = -17962. Suppose 0 = 3*t - 6, 0 = -4*o + 7*t - 2*t + m. What is the tens digit of o?
4
Suppose -5*v = 4*c - 197, 4*c - v - 278 = -63. Suppose -c*t + 1542 = -50*t. What is the units digit of t?
4
Let d(i) = -2*i + 13. Let s be d(-7). Let o be (20/3)/(-5)*-9. Let u = o + s. What is the tens digit of u?
3
Suppose 4*b - 3*d - 4 = 0, -28 = -2*b - 3*d - 8. Suppose 5*y = n - 324, -9*n - y = -b*n - 1672. What is the units digit of n?
4
Let r be 3/9*(6 + 0)*2. Suppose -567 = -b + h, -1169 = -6*b + r*b - 5*h. What is the hundreds digit of b?
5
Let q be 194/1 + (-168)/28. Let z = q + -27. What is the tens digit of z?
6
Let t(u) = u**3 + u**2 + 1. Let f(b) = -10 - 2*b + 2*b - 11*b**2 - 2*b + 265*b**3 - 272*b**3. Let s(a) = -f(a) - 6*t(a). What is the units digit of s(-3)?
6
Let y = 564 + -168. Suppose 3*q + y = 6*q. What is the tens digit of q?
3
Let a(s) = -9 + 14 + 18*s + 8. Suppose 2*j - 14 = -4*l, 0 = -9*j + 7*j - 6. What is the tens digit of a(l)?
0
Let b(y) = 18*y**3 - y + 14*y**3 - 26*y**3 - y**2 + 1. Let n be b(1). Suppose -3*m + 108 = 3*s - 108, n*m - 400 = 5*s. What is the units digit of m?
6
Let r(t) = 10*t + 5. Let x be r(7). Let o be 1/((4 + 1)/x). Suppose 0 = 13*u - o*u + 120. What is the units digit of u?
0
Let r = -241 - -242. What is the hundreds digit of (-2 - (-12650)/30)*(r - -2)?
2
Let l(d) = 69325*d**3 - 3*d**2 + 12*d - 10. What is the ten thousands digit of l(1)?
6
Suppose 12*u = -20*u - 2144. Let r = u + 736. What is the units digit of r?
9
Let q = 66 + -69. Let i be ((-28 - 2)/q)/(1/2). Suppose -3*b = -b + 6, 0 = -2*m + 4*b + i. What is the units digit of m?
4
Let s(p) = p**2 - 8*p - 19. Let i = -1 - 16. What is the tens digit of s(i)?
0
Suppose 0 = 4*c - 11355 - 109197. Suppose 2706 = -24*o + c. What is the tens digit of o?
4
Let o(v) = v**2 - 6*v - 23. Let c be o(8). Let x(l) = -l**2 - 1. Let d(r) = -3*r**2 + r + 1. Let h(i) = d(i) - 4*x(i). What is the tens digit of h(c)?
4
Let n = 153 - 151. Suppose n*i + 314 = m, 5*m + i = -2*i + 1531. What is the tens digit of m?
0
Let y(c) = 7*c + 1. Suppose 0 = t - s + 5 - 4, 4*t + s = 6. Let o be y(t). Let g(d) = 3*d**2 + 9*d + 9. What is the tens digit of g(o)?
7
Let p = -550 + 329. Let w = 430 + p. Suppose 2*z + 211 = 3*q - 0*z, 0 = 3*q - 4*z - w. What is the units digit of q?
1
Let q(b) = 475 - 5*b - 503 + b - 5*b + 23*b**2. What is the units digit of q(-4)?
6
Let a be -192*((-36)/44 + 2/(-11)). Suppose 2*s - a = 70. Let l = s - 60. What is the units digit of l?
1
Suppose -1969151 = -358*g + 2079471. What is the tens digit of g?
0
Let o = -1579 + 1609. What is the units digit of o?
0
Let v(f) = 2*f - 6. Let u be v(4). Suppose 0 = 4*n - 14 + u. Suppose 13*z - 340 = n*z. What is the tens digit of z?
3
Let f(g) = 69*g + 7. Let i be f(6). Let l = -614 + 356. Let b = i + l. What is the tens digit of b?
6
Let i(s) = -s**3 + 2*s**2 + 7*s - 8. Let p be (28/(-21) + 2)/((-6)/63). What is the tens digit of i(p)?
8
Suppose -5011 - 12689 = -5*p. What is the units digit of p?
0
Let q(n) = -2*n**2 - 20*n + 7. Let w be q(-11). Let c = w + 23. Let s(h) = 4*h**2 - 6*h - 3. What is the hundreds digit of s(c)?
2
Let c = 553 + -554. Let a be 13 + 4*(1 + -2). What is the hundreds digit of 3 + c - a/(45/(-625))?
1
Let n = 1436 - 365. What is the units digit of n?
1
Let r = 342 - 334. Suppose -r*l = -6190 - 82. What is the units digit of l?
4
Let h(o) = -o**2 - 17*o - 39. Let t be h(-14). Suppose -1214 = -0*a - 3*a + 5*r, -t*a - 2*r = -1228. What is the tens digit of a?
0
Suppose -2*h - 3*y = -5*h + 195, 5*h - 3*y = 317. What is the units digit of h?
1
Let k(i) = -12*i**3 - i**2 + 11*i + 14. What is the hundreds digit of k(-5)?
4
Let a(x) = 623*x**2 - 11*x + 29. What is the tens digit of a(3)?
0
Let d be 25*(52/10 + -5). Suppose 0 = -3*y - 3*v + 351, -2*y - 2*y + 468 = d*v. What is the hundreds digit of y?
1
Suppose d + 4*x = 23268, -x - 128826 = -5*d - 12444. What is the units digit of d?
6
Let r(t) be the first derivative of 201*t**2/2 + 38*t - 116. What is the tens digit of r(6)?
4
Let u be (-88)/(-4 + 8)*(-4 + 3). What is the units digit of (161 + -1)/(11/u)?
0
Suppose 0 = -4*a + 4*x + 96, a + 4*x = -a + 72. Suppose -11*g - 10421 = -a*g. What is the tens digit of g?
1
Suppose -125*n = -48*n - 938245. What is the ten thousands digit of n?
1
Let v(i) = -i**2 + 2*i + 2. Let c be v(10). Let h be c/9*(-45)/6. Suppose 0 = -6*n + 431 - h. What is the units digit of n?
1
Suppose 10693 = 2*t + 3*c, 2*t - 2*c - 5329 = t. What is the units digit of t?
9
Let j(i) = 35*i**2 - 448*i - 38. What is the hundreds digit of j(21)?
9
Let j = -45 + 47. Let p(u) be the second derivative of 35*u**3/6 - u**2 + 7*u. What is the tens digit of p(j)?
6
Suppose -2*x + 22 = -5*s - 1, -5*s = 2*x - 53. Suppose -49*h = -x*h - 25800. What is the units digit of h?
0
Let a = -34024 - -56572. What is the hundreds digit of a?
5
Let m = 8411 + -7636. What is the hundreds digit of m?
7
Suppose 0 = w - 2*k - 20140, 25*w - 24*w - 20175 = -5*k. What is the thousands digit of w?
0
Suppose 2*z - 37871 = 45*q - 40*q, 6*z - 3*q = 113673. What is the units digit of z?
8
Suppose 3*p = 51 - 9. Suppose 4675 = p*k + 3*k. What is the units digit of k?
5
Suppose 19*c - 44*c + 77088 = -17*c. What is the units digit of c?
6
Let y(x) = -3*x**3 - 4*x**2 + 5*x + 16. Let m be y(-2). What is the units digit of (-24525)/(-63) - 4/m?
9
Let a(v) = 186*v - 1226. What is the thousands digit of a(23)?
3
Let t(q) be the second derivative of q**4/6 + q**3/6 + 2*q**2 - 26*q. Let j be t(-4). Suppose 0 = -5*r + j + 848. What is the tens digit of r?
7
What is the thousands digit of (-1287)/4719 + 409819/11?
7
Let m = -456 + 460. Suppose c - 12*q = -16*q + 938, -m*c = 2*q - 3780. What is the units digit of c?
6
What is the units digit of -10 + (14 - (-211890)/14)?
9
Let 